t o(g) = -g**3 - 9*g**2 + g - 12. What are the prime factors of o(y)?
2, 3, 13
Suppose 0 = -4*j + 2*j + 672. Suppose -3*c - j = -q, -4*q - 2*c + 5*c = -1371. List the prime factors of q.
3, 5, 23
Suppose 4*l - 97026 = c + 23892, 2*l - 5*c - 60432 = 0. List the prime factors of l.
3, 3359
Suppose 400 = -u + 6*u - 4*w, -5*u - 3*w + 435 = 0. Suppose 89*q - u*q = 1790. List the prime factors of q.
2, 179
Suppose 0 = -l - 4*l. Let w(r) = l - 3*r + 6 + 5 - 4. What are the prime factors of w(0)?
7
Suppose -50*x + 2 = -48*x, -y - 4*x = -1524. What are the prime factors of y?
2, 5, 19
Let j(v) = v**3 + 15*v**2 + 12*v - 11. Let l be (14 - 18)*(-1 - -3). List the prime factors of j(l).
11, 31
Let j = 68 + -58. Suppose j = 2*c, -12*c + 14*c - 274 = -3*w. What are the prime factors of w?
2, 11
Let w = -1110 + -120. What are the prime factors of (-2)/((-12)/9449) + (-205)/w?
3, 5, 7
Suppose 4*v - 6*v + y + 209 = 0, -v = y - 97. Let t = v - 100. Suppose 3*z + 164 = 4*q, 4*z - 22 = q - t*q. What are the prime factors of q?
2, 19
Let r be (16/(-4) - -6) + 3. Suppose 0 = -2*o + 331 + r. What are the prime factors of o?
2, 3, 7
Let q(t) = 14*t**3 + 29*t**3 + 17*t**2 - 44*t**3 - 31 - 5*t. What are the prime factors of q(15)?
2, 43
Let m(d) = -4*d**3 - 5*d**2 - 2*d + 7. Let k be m(-3). Suppose -4*b - 26 = v - 3*b, -4*b - k = 3*v. Let t = v + 69. List the prime factors of t.
41
Let t(i) = 4*i - 13. Let h be t(5). Suppose -h*b - 397 = -3512. Let o = b - 241. What are the prime factors of o?
2, 3, 17
Suppose 4*l = l - 3*x + 28596, 4*l - 2*x - 38146 = 0. What are the prime factors of l?
5, 1907
Let f = 54 - 42. Suppose 0 = 5*k - 4*y - f, -4*y - 9 = -4*k + 3. Suppose k = -r + 18. What are the prime factors of r?
2, 3
Suppose 0 = -4*p + p. Suppose 3*f - j - 2506 = 0, 2*f + 2*f - 2*j - 3338 = p. List the prime factors of f.
3, 31
Let s(f) = -9 - 4*f**2 - f**2 + 6*f**2 + 2*f - 3. Suppose -2*x = 3*x - 45. List the prime factors of s(x).
3, 29
Let a(y) be the second derivative of -103*y**3/6 + 167*y**2/2 - 39*y - 1. List the prime factors of a(-5).
2, 11, 31
Let s(a) = a**2 + 8*a - 5. Suppose 3*m = -5*r + 15, 4*r + r - 15 = 3*m. List the prime factors of s(r).
2, 7
Let t(s) = -s - 2. Let d be t(-6). Suppose 0 = 3*o + d*p - 39, -6 = p - 3. Let m = 52 - o. What are the prime factors of m?
5, 7
Let g(v) be the second derivative of -v**5/10 - 2*v**4/3 - 5*v**3/6 - 7*v**2 + 69*v. List the prime factors of g(-8).
2, 269
Let u be (7 - 11) + -2*1. Let y be ((-24)/u - 4) + (-4)/(-2). List the prime factors of 86/1 - 0/y.
2, 43
Let b(p) = 3*p + 27. Let x be b(-9). Suppose x*m + 1523 = 3*m - 4*o, 3*o = -m + 525. What are the prime factors of m?
3, 19
Suppose 0 = -4*w + 151 - 15. Let u(r) = w*r + 38*r - 77*r + 4*r**2 - 17. List the prime factors of u(7).
2, 3
Let f(z) = 6*z**2 + 5*z + 7610. List the prime factors of f(0).
2, 5, 761
List the prime factors of (17 + (-23310)/(-4))/((-4)/(-8)).
11689
Let s = -148 - 235. Let i = 1219 + s. What are the prime factors of i?
2, 11, 19
Let s be ((-2589)/2)/3*-4. Let d(q) = -328*q - 2776. Let f be d(-8). What are the prime factors of (-19)/f - s/(-16)?
2, 3
Let k(j) = 486*j**3 - 8*j**2 + 107*j + 8. List the prime factors of k(5).
199, 307
Let d(g) = 10*g**3 + 40*g**2 - 112*g + 56. Let f(o) = 7*o**3 + 27*o**2 - 75*o + 37. Let r(p) = -5*d(p) + 7*f(p). What are the prime factors of r(-16)?
3, 233
Let g = -20560 - -31110. List the prime factors of g.
2, 5, 211
Suppose 5*s + 333 = -757. Let q = 381 + s. Suppose 71 + q = 3*x. What are the prime factors of x?
2, 3, 13
Suppose -3*d + 2*d + 7 = 0. Let k(l) = 10*l. Let r(i) = i**2 + 28*i - 17. Let c(h) = -3*k(h) + r(h). What are the prime factors of c(d)?
2, 3
Suppose -16*a + 64 = -8*a. Suppose 4*j = a*j - 188. List the prime factors of j.
47
Let j(c) = 7*c**2 + 14*c + 1725. What are the prime factors of j(-48)?
3, 23, 83
Let n(l) = 8*l**3 - 2*l**2 + l + 1. Let d be n(3). Let f be -1 + (18/(-12))/(27/(-18)). Suppose f = -198*k + d*k - 460. What are the prime factors of k?
5, 23
Let x(p) = 3*p + 19*p**2 + 0 - 3*p**2 - 1 + 0 - 1. List the prime factors of x(1).
17
Suppose -1776 = -4*h + 2*s, 5*h - 8*s + 5*s - 2220 = 0. Suppose -9*x + 15135 = -h. What are the prime factors of x?
3, 577
Let v(o) = 2*o - 2*o + 20 + 4 - 3*o. Let j be v(9). List the prime factors of (-1)/(-3)*j*-241.
241
Let v = 14721 + -4523. List the prime factors of v.
2, 5099
Let t be 17 - 2 - (18 + -24). What are the prime factors of 65/(-20) + 3/(-4) + t?
17
Let o = -10906 + 18447. List the prime factors of o.
7541
Let p be (-10)/4 + 10/4 - -146. Let r(o) = -619*o**3 - 2*o**2 - o. Let w be r(-1). Suppose w = 8*f + p. List the prime factors of f.
59
Suppose 3*y - 5*k = 7, -5*y + 2*k = -67 + 49. Suppose -2*m + j = -950 + 50, -y*m + j = -1796. List the prime factors of m.
2, 7
Suppose -5*r = 4*b + 5, 3*r - 3*b - 30 = -6. Suppose -3*o + 33 = 5*k, 0 = -3*o - r*k + 4 + 23. Suppose -g = -o*g + 170. What are the prime factors of g?
2, 17
Suppose -i - 3*x + 15 = -4*i, 0 = 4*x - 20. Suppose l - 652 = -2*k, -3*k = -i*k + l - 978. List the prime factors of k.
2, 163
Suppose -5*r + 79833 = -3*n, -4*r + 43345 = 4*n - 20515. What are the prime factors of r?
2, 3, 887
Let h = 92 - 160. Let b = 73 + h. List the prime factors of (113 - 20/b) + -5.
2, 13
Let t = 9078 + 14483. List the prime factors of t.
23561
Suppose -f = 5*d + 704, -d = 6*f - 2*f + 2778. Let g = f - -414. Let w = 404 + g. List the prime factors of w.
2, 31
Let y(z) = z**3 + 9*z**2 + 4. Let u be y(-9). Let a be (-3 - (9 + -10))/((-2)/4). Suppose -f - u*b = -168, a*f = b - 4*b + 633. List the prime factors of f.
2, 3, 13
Let d = 450 + -428. Let h = d - -527. List the prime factors of h.
3, 61
Let k(n) = -7*n - 25. Let r be k(-4). Let s(y) = 2*y**3 + 2*y**2 + 4*y - 5. Let f be s(r). Let a = f - -40. List the prime factors of a.
7, 17
Let q(s) = s**3 + 7*s**2 + 7*s + 10. Let n be q(-6). Suppose 4*y - 600 = n*v, 15 = 7*v - 10*v. What are the prime factors of 3/3*(1 + y)?
2, 73
Suppose -2*l - 2980 + 8036 = 4*o, 4*o - l = 5068. List the prime factors of o.
2, 3, 211
Let b(s) = -561*s + 5143. What are the prime factors of b(-79)?
2, 7, 3533
Suppose -9*o - 6944 = 3334. What are the prime factors of o/(-13) - (-2)/13?
2, 11
Let u = 700 - -155. Let r = u + -412. List the prime factors of r.
443
Let s = 4430 + -4460. Let d(b) = -5*b**3 + 24*b**2 + b + 63. Let o(t) = 6*t**3 - 23*t**2 - t - 64. Let q(v) = 7*d(v) + 6*o(v). List the prime factors of q(s).
3
Suppose -17954*i - 129980 = -17958*i. List the prime factors of i.
5, 67, 97
Let j(i) = i**2 - 5*i - 2. Let w be j(5). Let g be (w*2/4 - -6) + -1. Suppose -g*a + 240 = a. What are the prime factors of a?
2, 3
What are the prime factors of 28965/4*496/372?
5, 1931
Let c be (-2 - -5) + -4 - 2*-2. Suppose -4*k = -c*u + 1117, 152 = u - 3*k - 222. Let d = -140 + u. What are the prime factors of d?
3, 7, 11
Let b = 5167 - 4884. List the prime factors of b.
283
Suppose 12*c - 31*c + 95 = 0. Suppose 10*x - 3729 = 5*x - p, 4*x - c*p = 2960. List the prime factors of x.
5, 149
Let l(i) be the second derivative of 19*i**4/12 - 19*i**3/6 + 40*i**2 - 11*i. What are the prime factors of l(5)?
2, 5, 23
List the prime factors of 45*6*(-4)/36*(-4572)/15.
2, 3, 127
Suppose 0 = -3*p + 5*t + 15113, -4*p + 12*t = 15*t - 20112. What are the prime factors of p?
3, 13, 43
Let g be 120/(-126)*(-3)/(-2)*-707. Suppose -g = 15*p - 7130. What are the prime factors of p?
2, 3, 17
Let z = 1910 - 1871. Let b = 3 + -1. Suppose b*r - z = 15. List the prime factors of r.
3
Let u be ((-2 - 6) + 7)*(-8)/2. Suppose -u = -3*z + 2. Suppose -s + 2 = -z, 0 = q + 2*s - 296. What are the prime factors of q?
2, 3
Let f(o) = 40 - 24 + 35 - 3*o. Let i(c) = -2*c + 51. Let h(m) = 5*f(m) - 4*i(m). What are the prime factors of h(0)?
3, 17
Let n be 1/(-1) + 25 - (0 + 4). What are the prime factors of 9448/n - 4/(-50)*-5?
2, 59
Let h be 9/(-2)*1/6*-116. Let u(x) = 14*x - 4. Let b be u(3). Let z = b + h. What are the prime factors of z?
5
Suppose 56 = 5*i + 6. Let a(k) = 12*k**2 + 20*k - 9. List the prime factors of a(i).
13, 107
Suppose -5*k + 27 = h, 4*k = -8 - 4. What are the prime factors of (h + 6)*12 - 4?
2, 11, 13
Suppose 2*a + 14 = 0, -6*a = -18*z + 13*z + 131182. What are the prime factors o